{"id":190,"date":"2024-04-24T15:31:43","date_gmt":"2024-04-24T13:31:43","guid":{"rendered":"https:\/\/vfs-fehraltorf.ch\/cms\/?page_id=190"},"modified":"2024-04-24T15:55:48","modified_gmt":"2024-04-24T13:55:48","slug":"anmeldung","status":"publish","type":"page","link":"https:\/\/vfs-fehraltorf.ch\/cms\/anmeldung\/","title":{"rendered":"Anmeldung"},"content":{"rendered":"\t\t<div data-elementor-type=\"wp-page\" data-elementor-id=\"190\" class=\"elementor elementor-190\">\n\t\t\t\t<div class=\"elementor-element elementor-element-e102900 e-flex e-con-boxed e-con e-parent\" data-id=\"e102900\" data-element_type=\"container\" data-e-type=\"container\">\n\t\t\t\t\t<div class=\"e-con-inner\">\n\t\t\t\t<div class=\"elementor-element elementor-element-4afbcd8 elementor-widget elementor-widget-image\" data-id=\"4afbcd8\" data-element_type=\"widget\" data-e-type=\"widget\" data-widget_type=\"image.default\">\n\t\t\t\t<div class=\"elementor-widget-container\">\n\t\t\t\t\t\t\t\t\t\t\t\t\t\t\t<img fetchpriority=\"high\" decoding=\"async\" width=\"940\" height=\"340\" src=\"https:\/\/vfs-fehraltorf.ch\/cms\/wp-content\/uploads\/2024\/04\/177062-Russikon20\u201320592_940x340.jpg\" class=\"attachment-large size-large wp-image-56\" alt=\"\" srcset=\"https:\/\/vfs-fehraltorf.ch\/cms\/wp-content\/uploads\/2024\/04\/177062-Russikon20\u201320592_940x340.jpg 940w, https:\/\/vfs-fehraltorf.ch\/cms\/wp-content\/uploads\/2024\/04\/177062-Russikon20\u201320592_940x340-300x109.jpg 300w, https:\/\/vfs-fehraltorf.ch\/cms\/wp-content\/uploads\/2024\/04\/177062-Russikon20\u201320592_940x340-768x278.jpg 768w\" sizes=\"(max-width: 940px) 100vw, 940px\" \/>\t\t\t\t\t\t\t\t\t\t\t\t\t\t\t<\/div>\n\t\t\t\t<\/div>\n\t\t\t\t\t<\/div>\n\t\t\t\t<\/div>\n\t\t<div class=\"elementor-element elementor-element-796a405 e-flex e-con-boxed e-con e-parent\" data-id=\"796a405\" data-element_type=\"container\" data-e-type=\"container\">\n\t\t\t\t\t<div class=\"e-con-inner\">\n\t\t\t\t<div class=\"elementor-element elementor-element-1bcdd52 elementor-widget elementor-widget-heading\" data-id=\"1bcdd52\" data-element_type=\"widget\" data-e-type=\"widget\" data-widget_type=\"heading.default\">\n\t\t\t\t<div class=\"elementor-widget-container\">\n\t\t\t\t\t<h1 class=\"elementor-heading-title elementor-size-default\">Anmeldung<\/h1>\t\t\t\t<\/div>\n\t\t\t\t<\/div>\n\t\t\t\t<div class=\"elementor-element elementor-element-65a9502 elementor-widget elementor-widget-text-editor\" data-id=\"65a9502\" data-element_type=\"widget\" data-e-type=\"widget\" data-widget_type=\"text-editor.default\">\n\t\t\t\t<div class=\"elementor-widget-container\">\n\t\t\t\t\t\t\t\t\t<p>Wir setzten uns ein f\u00fcr eine Reduktion des Flugl\u00e4rms vom Flugfeld Speck und brauchen Ihre Unterst\u00fctzung.<\/p>\t\t\t\t\t\t\t\t<\/div>\n\t\t\t\t<\/div>\n\t\t\t\t\t<\/div>\n\t\t\t\t<\/div>\n\t\t<div class=\"elementor-element elementor-element-8f34cdd e-flex e-con-boxed e-con e-parent\" data-id=\"8f34cdd\" data-element_type=\"container\" data-e-type=\"container\">\n\t\t\t\t\t<div class=\"e-con-inner\">\n\t\t<div class=\"elementor-element elementor-element-b107319 e-con-full e-flex e-con e-child\" data-id=\"b107319\" data-element_type=\"container\" data-e-type=\"container\">\n\t\t\t\t<div class=\"elementor-element elementor-element-50eeae8 elementor-widget elementor-widget-text-editor\" data-id=\"50eeae8\" data-element_type=\"widget\" data-e-type=\"widget\" data-widget_type=\"text-editor.default\">\n\t\t\t\t<div class=\"elementor-widget-container\">\n\t\t\t\t\t\t\t\t\t<p>Um unsere Forderungen besser durchsetzen zu k\u00f6nnen ben\u00f6tigen wir Hilfe aus der Bev\u00f6lkerung &#8211; Ihre Unterst\u00fctzung. Werden Sie deshalb <\/p><ul><li>Ordentliches Mitglied: CHF 20 \/ Jahr<\/li><li>G\u00f6nner: Wir haben Auslagen um diese Anliegen umzusetzen und sind \u00fcber jede Spende sehr dankbar.<\/li><li>Sympathisant: Wir informieren Sie regelm\u00e4ssig \u00fcber unsere Aktivit\u00e4ten.<\/li><\/ul>\t\t\t\t\t\t\t\t<\/div>\n\t\t\t\t<\/div>\n\t\t\t\t<div class=\"elementor-element elementor-element-8304669 elementor-widget elementor-widget-text-editor\" data-id=\"8304669\" data-element_type=\"widget\" data-e-type=\"widget\" data-widget_type=\"text-editor.default\">\n\t\t\t\t<div class=\"elementor-widget-container\">\n\t\t\t\t\t\t\t\t\t<p>VFS Fehraltorf<br \/>Ch\u00fceferistrasse 16 b<br \/>8320 Fehraltorf<br \/><br \/>Email: <a href=\"mailto:info@vfs-ferhaltorf.ch\"><span style=\"color: #f1aa10;\">info@vfs-ferhaltorf.ch<\/span><\/a><br \/>Post Giro Konto: 85-757489-8<br \/><br \/>Webmaster:<br \/>Anregungen, Kritik, Fragen zur Website sind willkommen<br \/>beim Webmaster: <a href=\"mailto:info@vfs-ferhaltorf.ch\"><span style=\"color: #f1aa10;\">info@vfs-ferhaltorf.ch<\/span><\/a><br \/><br \/>Haftunsausschluss:<br \/>Trotz sorgf\u00e4ltiger Kontrolle \u00dcbernehmen wir keine Haftung f\u00fcr die Inhalte externer Links.<br \/>F\u00fcr die Inhalte der verlinkten Seiten sind ausschliesslich deren Betreiber verantwortlich<\/p>\t\t\t\t\t\t\t\t<\/div>\n\t\t\t\t<\/div>\n\t\t\t\t<div class=\"elementor-element elementor-element-1467202 elementor-widget elementor-widget-google_maps\" data-id=\"1467202\" data-element_type=\"widget\" data-e-type=\"widget\" data-widget_type=\"google_maps.default\">\n\t\t\t\t<div class=\"elementor-widget-container\">\n\t\t\t\t\t\t\t<div class=\"elementor-custom-embed\">\n\t\t\t<iframe loading=\"lazy\"\n\t\t\t\t\tsrc=\"https:\/\/maps.google.com\/maps?q=Ch%C3%BCeferistrasse%2016%20b%2C8320%20fehraltorf&#038;t=m&#038;z=12&#038;output=embed&#038;iwloc=near\"\n\t\t\t\t\ttitle=\"Ch\u00fceferistrasse 16 b,8320 fehraltorf\"\n\t\t\t\t\taria-label=\"Ch\u00fceferistrasse 16 b,8320 fehraltorf\"\n\t\t\t><\/iframe>\n\t\t<\/div>\n\t\t\t\t\t\t<\/div>\n\t\t\t\t<\/div>\n\t\t\t\t<\/div>\n\t\t<div class=\"elementor-element elementor-element-fa1fecb e-con-full e-flex e-con e-child\" data-id=\"fa1fecb\" data-element_type=\"container\" data-e-type=\"container\">\n\t\t\t\t<div class=\"elementor-element elementor-element-556f526 elementor-widget elementor-widget-text-editor\" data-id=\"556f526\" data-element_type=\"widget\" data-e-type=\"widget\" data-widget_type=\"text-editor.default\">\n\t\t\t\t<div class=\"elementor-widget-container\">\n\t\t\t\t\t\t\t\t\t<p><strong>Anmeldung<\/strong><\/p>\n<div class=\"wpcf7 no-js\" id=\"wpcf7-f177-o1\" lang=\"de-CH\" dir=\"ltr\" data-wpcf7-id=\"177\">\n<div class=\"screen-reader-response\"><p role=\"status\" aria-live=\"polite\" aria-atomic=\"true\"><\/p> <ul><\/ul><\/div>\n<form action=\"\/cms\/wp-json\/wp\/v2\/pages\/190#wpcf7-f177-o1\" method=\"post\" class=\"wpcf7-form init\" aria-label=\"Contact form\" novalidate=\"novalidate\" data-status=\"init\">\n<fieldset class=\"hidden-fields-container\"><input type=\"hidden\" name=\"_wpcf7\" value=\"177\" \/><input type=\"hidden\" name=\"_wpcf7_version\" value=\"6.1.5\" \/><input type=\"hidden\" name=\"_wpcf7_locale\" value=\"de_CH\" \/><input type=\"hidden\" name=\"_wpcf7_unit_tag\" value=\"wpcf7-f177-o1\" \/><input type=\"hidden\" name=\"_wpcf7_container_post\" value=\"0\" \/><input type=\"hidden\" name=\"_wpcf7_posted_data_hash\" value=\"\" \/><input type=\"hidden\" name=\"_cf7a__timestamp\" value=\"PhB1OXki+DJAmvdyXaDBlA==\" \/><input type=\"hidden\" name=\"_cf7a_version\" value=\"1.0\" \/><input type=\"hidden\" name=\"_cf7a_address\" value=\"\" \/><input type=\"hidden\" name=\"_cf7a_referer\" value=\"\" \/><input type=\"hidden\" name=\"_cf7a_protocol\" value=\"\" \/><input type=\"hidden\" name=\"_cf7a_bot_fingerprint\" value=\"PhB1OXki+DJAmvdyXaDBlA==\" \/><input type=\"hidden\" name=\"_cf7a_bot_fingerprint_extras\" \/><input type=\"hidden\" name=\"_cf7a_append_on_submit\" \/>\n<\/fieldset>\n<p><label> Vorname*<br \/>\n<span class=\"wpcf7-form-control-wrap\" data-name=\"your-prename\"><input type=\"text\" name=\"name\" value=\"\" autocomplete=\"fill\" class=\"fit-the-fullspace\" aria-hidden=\"true\" tabindex=\"-1\" \/><input size=\"40\" maxlength=\"400\" class=\"wpcf7-form-control wpcf7-text wpcf7-validates-as-required\" aria-required=\"true\" aria-invalid=\"false\" value=\"\" type=\"text\" name=\"your-prename\" \/><\/span> <\/label>\n<\/p>\n<p><label> Nachname*<br \/>\n<span class=\"wpcf7-form-control-wrap\" data-name=\"your-surname\"><input size=\"40\" maxlength=\"400\" class=\"wpcf7-form-control wpcf7-text wpcf7-validates-as-required\" aria-required=\"true\" aria-invalid=\"false\" value=\"\" type=\"text\" name=\"your-surname\" \/><input type=\"text\" name=\"email\" value=\"\" autocomplete=\"fill\" class=\"fit-the-fullspace\" aria-hidden=\"true\" tabindex=\"-1\" \/><\/span> <\/label>\n<\/p>\n<p><label> Strasse*<br \/>\n<span class=\"wpcf7-form-control-wrap\" data-name=\"street\"><input type=\"text\" name=\"address\" value=\"\" autocomplete=\"fill\" class=\"fit-the-fullspace\" aria-hidden=\"true\" tabindex=\"-1\" \/><input size=\"40\" maxlength=\"400\" class=\"wpcf7-form-control wpcf7-text wpcf7-validates-as-required\" aria-required=\"true\" aria-invalid=\"false\" value=\"\" type=\"text\" name=\"street\" \/><\/span> <\/label>\n<\/p>\n<p><label> PLZ, Ort*<br \/>\n<span class=\"wpcf7-form-control-wrap\" data-name=\"plz-ort\"><input size=\"40\" maxlength=\"400\" class=\"wpcf7-form-control wpcf7-text wpcf7-validates-as-required\" aria-required=\"true\" aria-invalid=\"false\" value=\"\" type=\"text\" name=\"plz-ort\" \/><input type=\"text\" name=\"zip\" value=\"\" autocomplete=\"fill\" class=\"fit-the-fullspace\" aria-hidden=\"true\" tabindex=\"-1\" \/><\/span> <\/label>\n<\/p>\n<p><label> E-Mail*<br \/>\n<span class=\"wpcf7-form-control-wrap\" data-name=\"your-email\"><input size=\"40\" maxlength=\"400\" class=\"wpcf7-form-control wpcf7-email wpcf7-validates-as-required wpcf7-text wpcf7-validates-as-email\" aria-required=\"true\" aria-invalid=\"false\" value=\"\" type=\"email\" name=\"your-email\" \/><\/span> <\/label>\n<\/p>\n<p><label> Telefon*<br \/>\n<span class=\"wpcf7-form-control-wrap\" data-name=\"your-tel\"><input size=\"40\" maxlength=\"400\" class=\"wpcf7-form-control wpcf7-tel wpcf7-validates-as-required wpcf7-text wpcf7-validates-as-tel\" aria-required=\"true\" aria-invalid=\"false\" value=\"\" type=\"tel\" name=\"your-tel\" \/><\/span> <\/label>\n<\/p>\n<div class=\"option\">\n\t<p><label> W\u00e4hlen Sie eine Option aus*<br \/>\n<span class=\"wpcf7-form-control-wrap\" data-name=\"opition\"><span class=\"wpcf7-form-control wpcf7-radio\"><span class=\"wpcf7-list-item first\"><label><input type=\"radio\" name=\"opition\" value=\"Mitglie, CHF 20 \/ Jahr\" checked=\"checked\" \/><span class=\"wpcf7-list-item-label\">Mitglie, CHF 20 \/ Jahr<\/span><\/label><\/span><span class=\"wpcf7-list-item\"><label><input type=\"radio\" name=\"opition\" value=\"Sympathisant: kein Beitrag\" \/><span class=\"wpcf7-list-item-label\">Sympathisant: kein Beitrag<\/span><\/label><\/span><span class=\"wpcf7-list-item last\"><label><input type=\"radio\" name=\"opition\" value=\"G\u00f6nner: Betrag individuell\" \/><span class=\"wpcf7-list-item-label\">G\u00f6nner: Betrag individuell<\/span><\/label><\/span><\/span><\/span><\/label>\n\t<\/p>\n<\/div>\n<p><label> Freiwilliger G\u00f6nnerbeitrag<br \/>\n<span class=\"wpcf7-form-control-wrap\" data-name=\"goenner-beitrag\"><input class=\"wpcf7-form-control wpcf7-number wpcf7-validates-as-number\" min=\"0\" aria-invalid=\"false\" value=\"0\" type=\"number\" name=\"goenner-beitrag\" \/><\/span><\/label>\n<\/p>\n<p><label> \u00dcberweiung Mitgliederbeitrag oder G\u00f6nnerbetrag<br \/>\n<span class=\"wpcf7-form-control-wrap\" data-name=\"ueberweisung_beitraege\"><span class=\"wpcf7-form-control wpcf7-radio\"><span class=\"wpcf7-list-item first\"><label><input type=\"radio\" name=\"ueberweisung_beitraege\" value=\"Bitte stellen Sie mir einen Einzahlungsschein zu\" checked=\"checked\" \/><span class=\"wpcf7-list-item-label\">Bitte stellen Sie mir einen Einzahlungsschein zu<\/span><\/label><\/span><span class=\"wpcf7-list-item last\"><label><input type=\"radio\" name=\"ueberweisung_beitraege\" value=\"Ich \u00fcberweise auf das Post Giro Konto: 85-757489-9\" \/><span class=\"wpcf7-list-item-label\">Ich \u00fcberweise auf das Post Giro Konto: 85-757489-9<\/span><\/label><\/span><\/span><\/span><\/label>\n<\/p>\n<p><label> Ihr Anliegen an den VFS Fehraltorf<br \/>\n<span class=\"wpcf7-form-control-wrap\" data-name=\"anliegen\"><textarea cols=\"40\" rows=\"10\" maxlength=\"2000\" class=\"wpcf7-form-control wpcf7-textarea\" aria-invalid=\"false\" name=\"anliegen\"><\/textarea><\/span><\/label>\n<\/p>\n<div class=\"submit-button\">\n\t<p><input class=\"wpcf7-form-control wpcf7-submit has-spinner\" type=\"submit\" value=\"Abschicken\" \/>\n\t<\/p>\n<\/div><div class=\"wpcf7-response-output\" aria-hidden=\"true\"><\/div>\n<\/form>\n<\/div>\n\t\t\t\t\t\t\t\t<\/div>\n\t\t\t\t<\/div>\n\t\t\t\t<\/div>\n\t\t\t\t\t<\/div>\n\t\t\t\t<\/div>\n\t\t\t\t<\/div>\n\t\t","protected":false},"excerpt":{"rendered":"<p>Anmeldung Wir setzten uns ein f\u00fcr eine Reduktion des Flugl\u00e4rms vom Flugfeld Speck und brauchen Ihre Unterst\u00fctzung. Um unsere Forderungen besser durchsetzen zu k\u00f6nnen ben\u00f6tigen wir Hilfe aus der Bev\u00f6lkerung &#8211; Ihre Unterst\u00fctzung. Werden Sie deshalb Ordentliches Mitglied: CHF 20 \/ Jahr G\u00f6nner: Wir haben Auslagen um diese Anliegen umzusetzen und sind \u00fcber jede Spende&hellip;&nbsp;<a href=\"https:\/\/vfs-fehraltorf.ch\/cms\/anmeldung\/\" rel=\"bookmark\">Weiterlesen &raquo;<span class=\"screen-reader-text\">Anmeldung<\/span><\/a><\/p>\n","protected":false},"author":1,"featured_media":0,"parent":0,"menu_order":0,"comment_status":"closed","ping_status":"closed","template":"page-templates\/template-pagebuilder-full-width.php","meta":{"neve_meta_sidebar":"","neve_meta_container":"","neve_meta_enable_content_width":"","neve_meta_content_width":0,"neve_meta_title_alignment":"","neve_meta_author_avatar":"","neve_post_elements_order":"","neve_meta_disable_header":"","neve_meta_disable_footer":"","neve_meta_disable_title":"","footnotes":""},"class_list":["post-190","page","type-page","status-publish","hentry"],"_links":{"self":[{"href":"https:\/\/vfs-fehraltorf.ch\/cms\/wp-json\/wp\/v2\/pages\/190","targetHints":{"allow":["GET"]}}],"collection":[{"href":"https:\/\/vfs-fehraltorf.ch\/cms\/wp-json\/wp\/v2\/pages"}],"about":[{"href":"https:\/\/vfs-fehraltorf.ch\/cms\/wp-json\/wp\/v2\/types\/page"}],"author":[{"embeddable":true,"href":"https:\/\/vfs-fehraltorf.ch\/cms\/wp-json\/wp\/v2\/users\/1"}],"replies":[{"embeddable":true,"href":"https:\/\/vfs-fehraltorf.ch\/cms\/wp-json\/wp\/v2\/comments?post=190"}],"version-history":[{"count":10,"href":"https:\/\/vfs-fehraltorf.ch\/cms\/wp-json\/wp\/v2\/pages\/190\/revisions"}],"predecessor-version":[{"id":214,"href":"https:\/\/vfs-fehraltorf.ch\/cms\/wp-json\/wp\/v2\/pages\/190\/revisions\/214"}],"wp:attachment":[{"href":"https:\/\/vfs-fehraltorf.ch\/cms\/wp-json\/wp\/v2\/media?parent=190"}],"curies":[{"name":"wp","href":"https:\/\/api.w.org\/{rel}","templated":true}]}}